st common factor of 31296 and 10007328?
96
Calculate the highest common divisor of 61 and 200249763.
61
Calculate the greatest common divisor of 24 and 6173864.
8
Calculate the highest common divisor of 15 and 150967083.
3
What is the greatest common divisor of 3094 and 207536?
238
Calculate the highest common divisor of 513 and 3537857.
19
What is the greatest common factor of 10806 and 1520112438?
10806
Calculate the highest common divisor of 212913083 and 17.
17
Calculate the greatest common factor of 791040 and 976.
16
Calculate the greatest common factor of 1247460 and 14.
2
Calculate the highest common factor of 126633276 and 22748.
484
Calculate the greatest common factor of 1812 and 1012002.
906
What is the greatest common divisor of 209 and 27928043?
209
What is the greatest common factor of 37970368 and 22672?
1744
Calculate the greatest common factor of 99740413 and 41.
41
Calculate the greatest common factor of 12659415 and 6.
3
What is the highest common divisor of 2565199787 and 4687?
4687
Calculate the highest common factor of 2404073 and 78883.
413
Calculate the greatest common factor of 218886 and 30.
6
Calculate the highest common factor of 8754408 and 41548.
2444
What is the highest common factor of 1430 and 6471270?
130
What is the greatest common factor of 22061 and 580374?
1697
What is the highest common divisor of 3349 and 358139?
17
Calculate the greatest common factor of 427199 and 5191.
29
What is the greatest common factor of 1974370 and 6772420?
11030
What is the highest common divisor of 354 and 13089327?
177
Calculate the highest common factor of 8876 and 221312.
28
Calculate the highest common divisor of 1975026 and 18894.
402
Calculate the highest common factor of 1158 and 278437626.
1158
Calculate the greatest common divisor of 3990 and 65561970.
570
What is the greatest common factor of 538756 and 383148?
1468
Calculate the highest common divisor of 74044 and 400149.
173
What is the greatest common divisor of 1583362975 and 310?
155
What is the highest common divisor of 5890 and 180614?
38
Calculate the highest common factor of 459264 and 344760.
312
What is the greatest common factor of 80445 and 173865?
2595
What is the highest common factor of 64 and 26466864?
16
What is the greatest common factor of 43751 and 5061403?
653
What is the highest common divisor of 435 and 751089705?
435
Calculate the greatest common factor of 231 and 21635845.
77
What is the greatest common divisor of 446 and 790269853?
223
What is the highest common divisor of 132 and 9938844?
12
What is the greatest common factor of 141 and 1412397?
141
Calculate the highest common factor of 5474 and 42049.
7
What is the highest common factor of 318 and 113553?
3
What is the highest common factor of 35794584 and 136?
8
Calculate the highest common factor of 4048 and 1475067.
11
Calculate the greatest common factor of 666335 and 120345.
355
What is the highest common divisor of 176663846 and 1346?
1346
What is the highest common factor of 44582050 and 300?
50
What is the highest common divisor of 1141196 and 371?
371
Calculate the highest common factor of 33610033 and 412.
103
Calculate the greatest common divisor of 41290575 and 300.
75
Calculate the highest common divisor of 549 and 61804773.
549
Calculate the greatest common divisor of 105535640 and 2536.
2536
Calculate the highest common factor of 2874 and 25295511.
1437
What is the greatest common factor of 16 and 4693276?
4
What is the greatest common factor of 306048 and 14208?
384
What is the greatest common divisor of 2630 and 95130?
10
What is the greatest common factor of 19737430 and 4730?
430
What is the highest common divisor of 473 and 42235374?
43
What is the highest common divisor of 4 and 17115577?
1
What is the greatest common divisor of 72 and 180525411?
9
Calculate the highest common divisor of 43095 and 2787915.
3315
Calculate the greatest common divisor of 1151085245 and 30903.
10301
Calculate the greatest common factor of 4704505 and 6280.
785
What is the highest common factor of 5981949 and 2916?
9
What is the highest common factor of 76857 and 13566?
51
Calculate the highest common factor of 45 and 11597145.
15
Calculate the highest common divisor of 53393 and 972551.
499
What is the greatest common divisor of 476 and 44929878?
238
What is the highest common divisor of 30 and 701220120?
30
What is the highest common factor of 186628 and 892736?
1924
What is the highest common factor of 7042 and 1794674?
14
Calculate the greatest common factor of 3206 and 543843398.
3206
What is the greatest common divisor of 96340 and 13840?
20
What is the greatest common factor of 95 and 5029460?
5
Calculate the highest common factor of 55396177 and 38077.
2929
What is the highest common factor of 810432 and 99?
9
What is the greatest common divisor of 12222142 and 22?
2
What is the greatest common factor of 4677640 and 50?
10
What is the highest common divisor of 961792 and 1404?
52
What is the highest common factor of 15885727 and 1573?
1573
Calculate the greatest common factor of 7348 and 715276364.
7348
Calculate the highest common divisor of 295224 and 13368.
24
What is the highest common divisor of 58394239 and 1528?
191
What is the highest common divisor of 8374 and 38655762?
106
What is the greatest common factor of 19 and 905687953?
19
Calculate the highest common divisor of 60 and 138378255.
15
Calculate the highest common factor of 19383 and 208.
13
What is the greatest common divisor of 1750 and 116750?
250
What is the greatest common factor of 40 and 751864?
8
What is the highest common divisor of 195 and 21537321?
39
Calculate the greatest common factor of 37221548 and 28.
28
Calculate the greatest common divisor of 57 and 6102249.
57
Calculate the greatest common divisor of 6028 and 3432308.
44
Calculate the highest common factor of 2834772 and 588.
12
What is the highest common factor of 16990351 and 1862?
133
Calculate the highest common factor of 272 and 12817232.
16
Calculate the greatest common factor of 893860 and 143055.
935
What is the highest common divisor of 476420 and 11039?
581
Calculate the greatest common factor of 163338 and 79422.
42
What is the greatest common factor of 512 and 2453120?
128
What is the highest common divisor of 750 and 56868?
6
What is the greatest common divisor of 189599373 and 13041?
1863
Calculate the highest common divisor of 998531 and 145921.
337
What is the greatest common divisor of 8139943 and 1204?
301
Calculate the highest common factor of 205494 and 5600302.
2362
Calculate the highest common divisor of 2004 and 111622299.
501
Calculate the highest common factor of 13702 and 29990516.
1054
What is the highest common divisor of 226554 and 4709352?
3714
What is the highest common factor of 14910 and 3271467?
213
What is the highest common divisor of 969 and 72504969?
57
What is the greatest common divisor of 171136 and 66472?
56
What is the greatest common factor of 2534657 and 190?
19
Calculate the highest common divisor of 903 and 1041915.
21
What is the highest common factor of 7047 and 60749838?
2349
Calculate the greatest common divisor of 462 and 12743346.
462
Calculate the greatest common factor of 37051933 and 188.
47
What is the greatest common factor of 5400 and 777465?
135
What is the greatest common divisor of 968 and 1231736?
88
Calculate the highest common divisor of 1116 and 27061512.
372
What is the greatest common factor of 2274 and 6021931?
379
Calculate the greatest common divisor of 2119315 and 2535720.
6215
What is the greatest common divisor of 2408 and 537527907?
301
What is the greatest common factor of 18282124 and 56?
28
Calculate the greatest common factor of 2122 and 21833258.
2122
Calculate the greatest common factor of 105265 and 701577.
569
Calculate the greatest common divisor of 51507 and 79346.
97
Calculate the highest common factor of 20 and 68787090.
10
Calculate the greatest common factor of 241395 and 5250.
105
Calculate the highest common factor of 142598 and 891731.
47
What is the highest common divisor of 1321056 and 1224?
72
What is the greatest common divisor of 1256 and 92713053?
157
Calculate the greatest common factor of 1940 and 4490324.
388
What is the highest common divis